Let t = -4 - k. What is the remainder when 17 is divided by (2/6)/(t/30)?
7
Let j = 61 + -33. Suppose -3*z + j = -f - f, 70 = -5*f - 2*z. Let x = 34 + f. What is the remainder when 37 is divided by x?
17
Let z(b) = -5*b + 162. What is the remainder when z(-10) is divided by 43?
40
Let m(q) = -q**3 + 10*q**2 + 25*q + 17. What is the remainder when 399 is divided by m(12)?
22
Let o be (4 - 2)/(2/(-7)). Let p = o - -7. Suppose p = 2*s - 23 - 25. What is the remainder when s is divided by 9?
6
Let p = -31 + 35. Suppose k - 32 = -p*j + 3, -2*k = j - 98. Calculate the remainder when k is divided by 27.
24
Suppose -36 = 3*d - 108. Suppose d + 0 = 2*b. Suppose 0 = 4*s + 5*t - 23 - b, 4*s - 36 = -4*t. What is the remainder when 17 is divided by s?
7
Let l(q) = -q**3 - 53*q**2 + 50*q - 199. What is the remainder when 55 is divided by l(-54)?
4
Let c be 12/(-9)*(-15)/(-2). Let z = 6 + c. Let k(u) = -u**2 - 8*u - 5. What is the remainder when 32 is divided by k(z)?
10
Let b(t) = t**3 + 8*t**2 - 2. Calculate the remainder when b(-6) is divided by 36 - -12*(6 - 7).
22
Let p = 2394 - 2322. Calculate the remainder when p is divided by 12.
0
What is the remainder when (-3)/(-9)*-12*846/(-12) is divided by 19?
16
Let f = 16 - 7. Let n(s) = 0*s + f*s + 27 - s**2 - 21. Calculate the remainder when 22 is divided by n(9).
4
Let b = -23 + 26. Suppose -3*l = -b*t + 33, -4*t - l = 2*l - 58. Calculate the remainder when 38 is divided by t.
12
Let c = -358 + 375. Suppose 5*r - 2*r - 9 = 0. Calculate the remainder when c is divided by r.
2
Let c = 106 + -106. Suppose -t - 4*t + 10 = c. What is the remainder when t is divided by 1?
0
Let f be (6/(-24)*0)/((-1)/1). Calculate the remainder when 58 - (1 - f)*4 is divided by 19.
16
Let z be -71*-1*(-1 - 0). Let s = z + 124. Calculate the remainder when s is divided by -5 + 7 + -2 + 18.
17
Suppose -57 = -c - 0*c. Let f be ((-8)/12)/((-7)/(903/2)). Let w = f + -14. Calculate the remainder when c is divided by w.
28
Let q(a) = 154*a**2 + 5*a + 21. Calculate the remainder when q(-2) is divided by 35.
32
Calculate the remainder when 324 is divided by 25/125 + (-248)/(-10).
24
Suppose -3*j + j - 2*a + 92 = 0, -3*j + 142 = 2*a. Suppose 5*p + 0*p = j. What is the remainder when p is divided by (-2 - -2) + -3 - -7?
2
Let u be 0*3/24*4. Suppose u*j = -5*j + 10. Suppose 0 = -3*y + y - j, -c + 27 = -5*y. What is the remainder when 42 is divided by c?
20
Suppose 40*n - 7206 = 34*n. What is the remainder when n is divided by 134?
129
Let w(z) = -4*z + 26. Let v(n) = -2*n + 13. Let u(d) = 5*v(d) - 2*w(d). Calculate the remainder when 51 is divided by u(0).
12
Let n = 78 + -27. Suppose -5*t - r + 102 = 0, 4*t = t - 4*r + n. Suppose v = t - 10. Calculate the remainder when 20 is divided by v.
9
Let p = 400 + -365. Calculate the remainder when p is divided by 11.
2
Suppose 3*y = -w + y + 43, 5*y = -3*w + 130. What is the remainder when w is divided by 6?
3
Let b be (15/(-6))/((-8)/528). Suppose 10*c = 5*c + b. Calculate the remainder when c is divided by 17.
16
Suppose -21*v = -6199 + 1768. What is the remainder when v is divided by 24?
19
Suppose 2*o + m - 16 - 719 = 0, -o + 5*m + 340 = 0. What is the remainder when o is divided by 23?
20
Let x = -23 + 39. Suppose -4*n + x = -2*n - 2*m, 0 = 5*n + 5*m - 40. Calculate the remainder when 31 is divided by n.
7
Let u(g) = 32*g**3 + g**2 - 6*g + 6. What is the remainder when 145 is divided by u(1)?
13
Let l(o) = -5*o**2 - 12*o - 45. Let v(s) = -2*s**2 - 6*s - 22. Let k(n) = -3*l(n) + 7*v(n). What is the remainder when 47 is divided by k(9)?
7
What is the remainder when (-7 - (10 + -13))/((-4)/34) is divided by 12?
10
Let p = 588 - 357. Calculate the remainder when 107 is divided by ((-8)/28)/((-3)/p).
19
Let o be (2/3)/(2*3/(-612)). Let n = o - -82. What is the remainder when 25 is divided by n?
11
Let p(i) = 164*i - 38. Calculate the remainder when p(1) is divided by 19.
12
Let b be 0/(3*-4*4/(-48)). Suppose b*l = 3*l + 5*r - 7, 5*l - 22 = 2*r. Calculate the remainder when 8 is divided by l.
0
Suppose -38 = -6*t + 34. Suppose 0 = -5*a + 4*a - 3*i + 63, 0 = -3*i + t. What is the remainder when a is divided by 9?
6
Let g = -88 - -47. Let j = 13 - g. Suppose 0 = 3*x + x - o - 57, -2*o = -4*x + j. Calculate the remainder when 57 is divided by x.
12
Suppose 2*z = -2*h + 44, 110 = z + 4*z - 5*h. What is the remainder when 85 is divided by z?
19
Let o(t) = -t**3 + 6*t**2 + 2*t + 6. What is the remainder when (2/(-6))/(2/(-426)) is divided by o(6)?
17
Let v = 4 - -75. Calculate the remainder when v is divided by 16.
15
Let p(i) = 37*i - 339. What is the remainder when p(14) is divided by 53?
20
Let r be 9*(49/(-21) + (1 - -1)). Let n(h) = h**2 - 4*h + 4. What is the remainder when 71 is divided by n(r)?
21
Let x = -7 - -26. What is the remainder when (14/(-6))/((-108)/8748) is divided by x?
18
Let r = 23 + -20. Let t = r - -29. Suppose 0*w + 3*w - 51 = 0. Calculate the remainder when t is divided by w.
15
Let u(x) = -x**2 + 21*x - 82. What is the remainder when 612 is divided by u(10)?
24
Suppose 0 = -5*w - 5*w + 500. Calculate the remainder when 99 is divided by w.
49
Let z = -197 - -202. Calculate the remainder when 157 is divided by z.
2
Suppose 8*m - 6*m = 0. Suppose -3*i - 45 = -2*v, -v + 5*v - 2*i - 78 = m. Calculate the remainder when 37 is divided by (-3)/((v/(-16))/3).
5
Let v = -339 + 350. What is the remainder when 175 is divided by v?
10
Suppose 589*s - 3924 = 583*s. Calculate the remainder when s is divided by 55.
49
Suppose -o = -117 - 51. Suppose w = -u + 34, -4*u + 4*w + o = 24. Suppose -3*i - 2*i = -u. Calculate the remainder when i is divided by 4.
3
Suppose 3*s + 8*f - 4*f - 286 = 0, 0 = s - f - 107. Calculate the remainder when 315 is divided by s.
9
Let q = -195 - -227. Let g = 5 + 0. What is the remainder when q is divided by g?
2
Let r be (-2778)/(-10) - (-3)/15. Suppose 7*g = 5*g - 5*y + 115, -3*y = 5*g - r. What is the remainder when 31 is divided by (-352)/g*(-5)/2?
15
Suppose -3*g + 17 = -3*n - 166, 2*g = 4*n + 114. What is the remainder when g is divided by ((-92)/(-6))/((-2)/(-3))?
19
Let o be 17/(57/18 - 3). Suppose 0 = -5*m - m + o. What is the remainder when (0/2 - -31) + 0 is divided by m?
14
Let u = -1279 + 1676. What is the remainder when u is divided by 13?
7
Suppose 2*d + i = 8, -4*d + i = -12 - 10. Suppose -2*m = d*v - 38, v - 3*m - 6 = 5. What is the remainder when 22 is divided by v?
6
Let i = 613 + -608. Suppose 4 = 3*w - 2. Calculate the remainder when i is divided by w.
1
Suppose 0 = -3*i - 4*z - 20 + 1, 59 = -3*i + 4*z. Let f = i + 18. Calculate the remainder when (11/2 - -1)*2 is divided by f.
3
Suppose -304 = -15*j - 4. What is the remainder when 1197 is divided by j?
17
Calculate the remainder when 32 is divided by (4 - -1 - 10/2) + 11.
10
Suppose 3*q - 58 = -4. Suppose c - 5*c - 72 = -2*j, c = -5*j + 147. Suppose -j*p - 20 = -34*p. What is the remainder when q is divided by p?
3
Let o = 25 - 19. Let y = -18 + 25. Suppose 6*t = -y + 61. Calculate the remainder when t is divided by o.
3
Suppose -179*i - 328 = -187*i. Calculate the remainder when 120 is divided by i.
38
Let k = -1662 - -1669. Calculate the remainder when 24 is divided by k.
3
Suppose c = 2*c - 16. Let x = -12 + c. Let j(o) = -10*o - 3. Calculate the remainder when j(-2) is divided by x.
1
Suppose -3*m = m - 100. Suppose -8*l = -7*l - 14. Suppose 7*f - 8*f = -l. Calculate the remainder when m is divided by f.
11
Let r be -15*(-1)/(3/2). Let f be r/(-20) + (-23)/(-2). Suppose -3*j + f = -2*j. Calculate the remainder when 32 is divided by j.
10
Let w(s) = 38*s**2 - 6*s - 8. Let f be w(-2). Let c = f - 144. Calculate the remainder when 46 is divided by c.
10
Suppose -f = 5*f - 342. Let n = -41 + f. Calculate the remainder when 46 is divided by n.
14
Let l = -96 + 176. Suppose 13*a - 2072 = 216. Let j = -155 + a. Calculate the remainder when l is divided by j.
17
Suppose 5*v = j - 71, -j + 133 = j - v. Let p be ((8 - 5) + -5)/(0 - 1). Suppose p*o - j = 2*y, 0*y = -2*y. Calculate the remainder when o is divided by 17.
16
Suppose 3*z = 4*c + c - 3108, c = -4*z + 640. What is the remainder when (1/(-3))/(c/(-207) - -3) is divided by 13?
10
Suppose 5*j - 3*r + 3 = 36, 2*j = -r + 11. Calculate the r